{"id":47,"date":"2022-04-05T22:52:09","date_gmt":"2022-04-05T21:52:09","guid":{"rendered":"https:\/\/www.ek-plan.at\/cms\/?page_id=47"},"modified":"2022-05-20T19:44:44","modified_gmt":"2022-05-20T18:44:44","slug":"gutachten","status":"publish","type":"page","link":"https:\/\/www.ek-plan.at\/cms\/gutachten\/","title":{"rendered":"Gutachten"},"content":{"rendered":"<div class=\"wpb-content-wrapper\"><p>[vc_row][vc_column]\n\t\t\t<!-- START ekplan Gutachten REVOLUTION SLIDER 6.7.40 --><p class=\"rs-p-wp-fix\"><\/p>\n\t\t\t<rs-module-wrap id=\"rev_slider_11_1_wrapper\" data-source=\"gallery\" style=\"visibility:hidden;background:transparent;padding:0;margin:0px auto;margin-top:0;margin-bottom:0px;\">\n\t\t\t\t<rs-module id=\"rev_slider_11_1\" style=\"\" data-version=\"6.7.40\">\n\t\t\t\t\t<rs-slides style=\"overflow: hidden; position: absolute;\">\n\t\t\t\t\t\t<rs-slide style=\"position: absolute;\" data-key=\"rs-18\" data-title=\"Slide\" data-anim=\"adpr:false;ms:600;f:center;\" data-in=\"o:0;x:cyc(-10|10);y:cyc(-10|10);r:cyc(-10|10);sx:0.1;sy:0.1;row:8;col:8;\" data-out=\"a:false;\">\n\t\t\t\t\t\t\t<img decoding=\"async\" src=\"\/\/www.ek-plan.at\/cms\/wp-content\/plugins\/revslider\/sr6\/assets\/assets\/dummy.png\" alt=\"ekplan Gutachten\" title=\"ekplan Gutachten\" width=\"1920\" height=\"1000\" class=\"rev-slidebg tp-rs-img rs-lazyload\" data-lazyload=\"\/\/www.ek-plan.at\/cms\/wp-content\/uploads\/2022\/05\/ek-plan-motiv-gutachten.jpg\" data-bg=\"p:center top;\" data-no-retina>\n<!--\n\t\t\t\t\t\t\t--><rs-layer\n\t\t\t\t\t\t\t\tid=\"slider-11-slide-18-layer-11\" \n\t\t\t\t\t\t\t\tdata-type=\"text\"\n\t\t\t\t\t\t\t\tdata-color=\"#000000\"\n\t\t\t\t\t\t\t\tdata-rsp_ch=\"on\"\n\t\t\t\t\t\t\t\tdata-xy=\"xo:200px,106px,60px,37px;yo:130px,75px,80px,228px;\"\n\t\t\t\t\t\t\t\tdata-text=\"w:normal;s:50,40,30,30;l:65,50,40,36;fw:600;\"\n\t\t\t\t\t\t\t\tdata-dim=\"w:595px,360px,320px,247px;h:auto,auto,auto,226px;minh:0,none,none,none;\"\n\t\t\t\t\t\t\t\tdata-frame_0=\"x:left;y:0,0px,0px,0px;\"\n\t\t\t\t\t\t\t\tdata-frame_1=\"x:0,0px,0px,0px;y:0,0px,0px,0px;st:800;sp:1000;sR:820;\"\n\t\t\t\t\t\t\t\tdata-frame_999=\"x:left;o:0;st:w;sp:1000;sR:7180;\"\n\t\t\t\t\t\t\t\tstyle=\"z-index:9;font-family:'Open Sans';\"\n\t\t\t\t\t\t\t>\n\t\t\t\t\t\t\t\t<div class=\"rs-untoggled-content\">Sie ben\u00f6tigen ein Gutachten?\n\n <\/div>\n\t\t\t\t\t\t\t\t<div class=\"rs-toggled-content\"><\/div>\n\t\t\t\t\t\t\t<\/rs-layer><!--\n\n\t\t\t\t\t\t\t--><a\n\t\t\t\t\t\t\t\tid=\"slider-11-slide-18-layer-12\" \n\t\t\t\t\t\t\t\tclass=\"rs-layer\"\n\t\t\t\t\t\t\t\thref=\"\/cms\/kontakt#ek-form\" target=\"_self\"\n\t\t\t\t\t\t\t\tdata-type=\"button\"\n\t\t\t\t\t\t\t\tdata-rsp_ch=\"on\"\n\t\t\t\t\t\t\t\tdata-xy=\"xo:200px,106px,60px,37px;yo:320px,230px,205px,340px;\"\n\t\t\t\t\t\t\t\tdata-text=\"w:normal;s:30,20,20,20;l:45,21,21,21;ls:1,0,0,0;\"\n\t\t\t\t\t\t\t\tdata-dim=\"minh:0,none,none,none;\"\n\t\t\t\t\t\t\t\tdata-actions='o:mouseleave;a:playslider;||o:mouseenter;a:pauseslider;'\n\t\t\t\t\t\t\t\tdata-padding=\"t:15,13,13,14;r:30,20,20,21;b:15,13,13,14;l:23,17,17,17;\"\n\t\t\t\t\t\t\t\tdata-frame_0=\"y:bottom;\"\n\t\t\t\t\t\t\t\tdata-frame_1=\"st:1500;sp:1000;sR:1630;\"\n\t\t\t\t\t\t\t\tdata-frame_999=\"y:bottom;o:0;st:w;sp:1000;sR:6370;\"\n\t\t\t\t\t\t\t\tdata-frame_hover=\"c:#c90239;bgc:#fff;bor:0px,0px,0px,0px;sp:0ms;e:default;\"\n\t\t\t\t\t\t\t\tstyle=\"z-index:8;background-color:#c90239;font-family:'Open Sans';cursor:pointer;\"\n\t\t\t\t\t\t\t><i class=\"pe-7s-mail-open\"><\/i> Anfrage senden \n\t\t\t\t\t\t\t<\/a><!--\n-->\t\t\t\t\t<\/rs-slide>\n\t\t\t\t\t<\/rs-slides>\n\t\t\t\t<\/rs-module>\n\t\t\t\t<script>\n\t\t\t\t\tsetREVStartSize({c: 'rev_slider_11_1',rl:[1240,1024,778,480],el:[1000,768,800,720],gw:[1920,1024,778,480],gh:[1000,768,800,720],type:'standard',justify:'',layout:'fullwidth',mh:\"0\"});if (window.RS_MODULES!==undefined && window.RS_MODULES.modules!==undefined && window.RS_MODULES.modules[\"revslider111\"]!==undefined) {window.RS_MODULES.modules[\"revslider111\"].once = false;window.revapi11 = undefined;if (window.RS_MODULES.checkMinimal!==undefined) window.RS_MODULES.checkMinimal()}\n\t\t\t\t<\/script>\n\t\t\t<\/rs-module-wrap>\n\t\t\t<!-- END REVOLUTION SLIDER -->\n\t\t\t<div style=\"clear:both;display:block;width:100%;height:0px\"><\/div>[\/vc_column][\/vc_row][vc_row row_content_width=&#8220;grid&#8220; css=&#8220;.vc_custom_1652386823814{margin-top: 50px !important;margin-bottom: 30px !important;}&#8220;][vc_column]<div class=\"eltdf-section-title-holder  eltdf-st-standard eltdf-st-title-left eltdf-st-normal-space \" >\n\t<div class=\"eltdf-st-inner\">\n\t\t\t\t\t<h1 class=\"eltdf-st-title\" >\n\t\t\t\tGutachten\t\t\t<\/h1>\n\t\t\t\t\t\t\t<div class=\"eltdf-separator-holder clearfix   \">\n\t<div class=\"eltdf-separator\" ><\/div>\n<\/div>\n\t\t\t\t\t<\/div>\n<\/div>[\/vc_column][\/vc_row][vc_row gap=&#8220;30&#8243; row_content_width=&#8220;grid&#8220; css=&#8220;.vc_custom_1651413162542{margin-bottom: 30px !important;}&#8220;][vc_column css_animation=&#8220;slideInLeft&#8220; width=&#8220;1\/2&#8243; css=&#8220;.vc_custom_1651415152588{padding-bottom: 30px !important;}&#8220;][vc_column_text]<\/p>\n<h3>Klarheit schaffen<\/h3>\n<p>Mit einem Gutachten sind Sie immer bestens bedient, da Sie Gewissheit \u00fcber einen Sachverhalt erlangen. Somit dient es als zuverl\u00e4ssige Entscheidungsgrundlage in einem Verfahren.<\/p>\n<p>Ich bin seit 2006 <strong>\u201eAllgemein beeideter und gerichtlicher Sachverst\u00e4ndiger\u201c<\/strong> und erstelle Gutachten f\u00fcr:<\/p>\n<ul>\n<li>Beh\u00f6rden (Gerichte)<\/li>\n<li>Versicherungen<\/li>\n<li>Private, z.B. bei Kauf bzw. Verkauf eines Geb\u00e4udes oder Streitigkeiten<\/li>\n<\/ul>\n<p>&nbsp;<\/p>\n<p>.[\/vc_column_text][\/vc_column][vc_column css_animation=&#8220;slideInRight&#8220; width=&#8220;1\/2&#8243;]<div class=\"eltdf-single-image-holder   eltdf-image-behavior-zoom\">\n    <div class=\"eltdf-si-inner\" >\n                                    <img loading=\"lazy\" decoding=\"async\" width=\"800\" height=\"533\" src=\"https:\/\/www.ek-plan.at\/cms\/wp-content\/uploads\/2022\/05\/ekplan-gutachten-notwendig.jpg\" class=\"attachment-full size-full\" alt=\"Gutachten notwendig\" srcset=\"https:\/\/www.ek-plan.at\/cms\/wp-content\/uploads\/2022\/05\/ekplan-gutachten-notwendig.jpg 800w, https:\/\/www.ek-plan.at\/cms\/wp-content\/uploads\/2022\/05\/ekplan-gutachten-notwendig-300x200.jpg 300w, https:\/\/www.ek-plan.at\/cms\/wp-content\/uploads\/2022\/05\/ekplan-gutachten-notwendig-768x512.jpg 768w\" sizes=\"auto, (max-width: 800px) 100vw, 800px\" \/>                        <\/div>\n<\/div>[\/vc_column][\/vc_row][vc_row row_content_width=&#8220;grid&#8220; content_text_aligment=&#8220;left&#8220; css=&#8220;.vc_custom_1651415203988{margin-bottom: 50px !important;}&#8220;][vc_column]<a itemprop=\"url\" href=\"https:\/\/www.ek-plan.at\/cms\/kontakt#ek-form\" target=\"_self\"  class=\"eltdf-btn eltdf-btn-medium eltdf-btn-solid\"  >\n    <span class=\"eltdf-btn-text\">Gutachten anfragen<\/span>\n    <\/a>[\/vc_column][\/vc_row][vc_row equal_height=&#8220;yes&#8220; content_placement=&#8220;top&#8220; row_content_width=&#8220;grid&#8220; simple_background_color=&#8220;#eeeeee&#8220; css=&#8220;.vc_custom_1651004570563{padding-top: 20px !important;padding-bottom: 30px !important;}&#8220;][vc_column width=&#8220;1\/4&#8243;][vc_single_image image=&#8220;911&#8243; img_size=&#8220;medium&#8220; alignment=&#8220;center&#8220; onclick=&#8220;custom_link&#8220; css_animation=&#8220;fadeInLeft&#8220; link=&#8220;https:\/\/www.ek-plan.at\/cms\/elektroplanung\/&#8220;][\/vc_column][vc_column width=&#8220;1\/4&#8243; css=&#8220;.vc_custom_1651004518691{padding-right: 0px !important;}&#8220;][vc_column_text css_animation=&#8220;fadeInLeft&#8220;]<\/p>\n<h3><a href=\"https:\/\/www.ek-plan.at\/cms\/elektroplanung\/\">Nachhaltige Konzepte<\/a><\/h3>\n<p>Wir erarbeiten mit Ihnen zusammen ein Konzept nach Ihren W\u00fcnschen, nach unseren Erfahrungen und im Rahmen der rechtlichen M\u00f6glichkeiten. <a href=\"https:\/\/www.ek-plan.at\/cms\/elektroplanung\/elektroplanung\/\">Info<\/a>[\/vc_column_text][\/vc_column][vc_column width=&#8220;1\/4&#8243;][vc_single_image image=&#8220;915&#8243; img_size=&#8220;medium&#8220; alignment=&#8220;center&#8220; onclick=&#8220;custom_link&#8220; css_animation=&#8220;fadeInRight&#8220; link=&#8220;https:\/\/www.ek-plan.at\/cms\/gutachten\/&#8220;][\/vc_column][vc_column css_animation=&#8220;fadeInRight&#8220; width=&#8220;1\/4&#8243; css=&#8220;.vc_custom_1651004764133{padding-right: 0px !important;}&#8220;][vc_column_text]<\/p>\n<h3><a href=\"https:\/\/www.ek-plan.at\/cms\/gutachten\/\">Gutachten<\/a><\/h3>\n<p>Ein Gutachten sorgt stets f\u00fcr Gewissheit und Sicherheit. Es bildet somit die zuverl\u00e4ssige Basis f\u00fcr weitere Entscheidungen. <a href=\"https:\/\/www.ek-plan.at\/cms\/elektroplanung\/gutachten\/\">Info<\/a>[\/vc_column_text][\/vc_column][\/vc_row]<\/p>\n<\/div>","protected":false},"excerpt":{"rendered":"<p>[vc_row][vc_column][\/vc_column][\/vc_row][vc_row row_content_width=&#8220;grid&#8220; css=&#8220;.vc_custom_1652386823814{margin-top: 50px !important;margin-bottom: 30px !important;}&#8220;][vc_column][\/vc_column][\/vc_row][vc_row gap=&#8220;30&#8243; row_content_width=&#8220;grid&#8220; css=&#8220;.vc_custom_1651413162542{margin-bottom: 30px !important;}&#8220;][vc_column css_animation=&#8220;slideInLeft&#8220; width=&#8220;1\/2&#8243; css=&#8220;.vc_custom_1651415152588{padding-bottom: 30px !important;}&#8220;][vc_column_text] Klarheit schaffen Mit einem Gutachten sind Sie immer bestens bedient, da Sie Gewissheit \u00fcber einen Sachverhalt erlangen. Somit dient es als zuverl\u00e4ssige Entscheidungsgrundlage [&hellip;]<\/p>\n","protected":false},"author":1,"featured_media":584,"parent":0,"menu_order":40,"comment_status":"closed","ping_status":"closed","template":"full-width.php","meta":{"footnotes":""},"class_list":["post-47","page","type-page","status-publish","has-post-thumbnail","hentry"],"_links":{"self":[{"href":"https:\/\/www.ek-plan.at\/cms\/wp-json\/wp\/v2\/pages\/47","targetHints":{"allow":["GET"]}}],"collection":[{"href":"https:\/\/www.ek-plan.at\/cms\/wp-json\/wp\/v2\/pages"}],"about":[{"href":"https:\/\/www.ek-plan.at\/cms\/wp-json\/wp\/v2\/types\/page"}],"author":[{"embeddable":true,"href":"https:\/\/www.ek-plan.at\/cms\/wp-json\/wp\/v2\/users\/1"}],"replies":[{"embeddable":true,"href":"https:\/\/www.ek-plan.at\/cms\/wp-json\/wp\/v2\/comments?post=47"}],"version-history":[{"count":18,"href":"https:\/\/www.ek-plan.at\/cms\/wp-json\/wp\/v2\/pages\/47\/revisions"}],"predecessor-version":[{"id":1480,"href":"https:\/\/www.ek-plan.at\/cms\/wp-json\/wp\/v2\/pages\/47\/revisions\/1480"}],"wp:featuredmedia":[{"embeddable":true,"href":"https:\/\/www.ek-plan.at\/cms\/wp-json\/wp\/v2\/media\/584"}],"wp:attachment":[{"href":"https:\/\/www.ek-plan.at\/cms\/wp-json\/wp\/v2\/media?parent=47"}],"curies":[{"name":"wp","href":"https:\/\/api.w.org\/{rel}","templated":true}]}}